 of p**5/60 - p**4/24 - p**3/6 - 3*p**2. Let t be y(0). Let v(a) = 5*a + 136*a**2 - 139*a**2 - 3*a + 1. Calculate v(t).
-4
Let i(a) = -8*a + 9*a**2 + 2*a - 8 + 0*a**3 + 13*a + 15 - a**3. Determine i(10).
-23
Let p(u) = u**2 + 10*u + 13. Suppose -4*x - n = -5*x - 4, -x + 6 = -3*n. What is p(x)?
4
Let p(d) = 6*d - 5 - 4 - d**2 + 2. Let h = -526 - -531. Determine p(h).
-2
Let y(a) = -a - 4. Let v(m) be the third derivative of -m**6/120 - 7*m**5/30 + m**4/24 + 2*m**3 - 14*m**2. Let i be v(-14). Give y(i).
-2
Let m = -19 + 22. Let r(f) = -4*f - 16. Let v(p) = p. Let i(x) = m*v(x) + r(x). What is i(-7)?
-9
Let a(q) be the third derivative of 1/120*q**6 + 1/2*q**3 - 1/12*q**5 + 0 - 28*q**2 + 0*q + 1/24*q**4. Calculate a(4).
-9
Let j(r) be the second derivative of r**4/12 - r**3/2 - r**2/2 + 3*r. Suppose 3*s = -4*k - s, -2*k + 2*s + 8 = 0. Suppose 0 = k*n + 1 - 9. Determine j(n).
3
Let t(z) = -z**2 - z**2 + 1 + z**2 - z**3. Let l = 552 - 554. What is t(l)?
5
Let c(q) = -q + 4. Suppose 0 = 3*d - d + 4. Let o = -2 - d. Suppose o = -r + 4*r - 15. Determine c(r).
-1
Let b(i) = -i**3 + i**2 - 1. Let y(j) = -3*j**3 + 8*j**2 - 2*j - 2. Let n(a) = 2*b(a) - y(a). Suppose -x - 2*l = x - 12, 3*l = 0. Calculate n(x).
12
Let q(i) = -20 + 4*i - 2*i + 5*i - i - 8*i. Calculate q(-10).
0
Let j(q) = -q**3 - 4*q**2 + 2*q + 2. Suppose 0 = 5*k + 2*i - 31, -5*k + 7*i - 4*i + 41 = 0. Let f be 2/k - ((-30)/(-7) - 0). Determine j(f).
-6
Let o(v) = -6*v**2 + 2*v - 1. Let m(y) be the first derivative of -10 + 1/4*y**4 - 6*y + 1/2*y**2 - 7/3*y**3. Let h be m(7). Give o(h).
-5
Let g = -221 - -218. Let a(f) = 1 + 0 + 2*f + 1 - 2*f**2 + 1 - f**3. Calculate a(g).
6
Let d(w) = 114*w - 1 + w**3 - 113*w + 0*w**3. Let r(h) = h**2 - 9. Let n(f) = -d(f) - r(f). Calculate n(0).
10
Let c(n) be the third derivative of n**5/60 - n**4/6 - 11*n**3/6 - 77*n**2. What is c(8)?
21
Let c(z) = -12*z**3 + 3*z**2 + 7*z + 4. Let u be c(-1). Let l(x) = x**3 - 12*x**2 - x + 14. Calculate l(u).
2
Let t = -15 + 17. Let n(y) = -y - 1 - 3 + 2 - 2*y**2 + 4. Give n(t).
-8
Let h(j) be the second derivative of -j**5/10 - 24*j. Suppose -3*o + 2*v = -5*o + 10, 2*o - 4*v = -14. Calculate h(o).
-2
Let z(t) be the first derivative of t**3/3 + t**2/2 - 2*t + 76. Calculate z(0).
-2
Let v(y) be the first derivative of -4*y + 5/12*y**4 + 1/20*y**5 + 2*y**2 - 1 + 1/6*y**3. Let o(d) be the first derivative of v(d). Determine o(-5).
-1
Let k(v) = 1 + 243*v + 0 - 239*v. Determine k(3).
13
Let x(w) = 3*w - 6. Let r(b) = -13*b + 25. Let v(k) = 2*r(k) + 9*x(k). Suppose -2*d + 33 - 7 = -4*c, -4*d - 5*c = 0. Determine v(d).
1
Let f(t) = -10*t. Let m(g) = -g**3 + 21*g**2 - 21*g + 15. Let b be m(20). Let i be b/20 - (-2)/(16/10). Give f(i).
-10
Let v(y) be the first derivative of y**4/4 + y**3 + y**2 + 2*y - 7087. Let f(p) = -3*p. Suppose 2*h = 3*h + 4, 2*r + h = -2. Let x be f(r). Give v(x).
-4
Let q(t) = -t**2 + 3*t + 8. Let i(j) = j + 3. Let g(r) = 5*i(r) - 2*q(r). Determine g(1).
0
Let l(v) = 10*v + 1. Let w be l(-1). Let f(r) be the first derivative of r**3/3 + 5*r**2 + 13*r - 1343. Determine f(w).
4
Suppose 2*p + 14 = 3*r, 24 = 4*r + p - 5*p. Suppose 0 = -r*v - 5*a + 14 - 5, 2*v + 2*a = 6. Let l(c) = -8*c + v*c + 1 + 8 - 10. Calculate l(1).
-7
Let u(d) = d**2 - 6*d + 7. Let o be u(5). Suppose -4*m - 4 = -o*m. Let w(j) be the second derivative of j**4/12 + j**3/6 + j**2/2 + j. Calculate w(m).
3
Let i(z) = -z**3 - 6*z**2 - 2*z - 5. Suppose 18*p + 155 = 47. Give i(p).
7
Let z = -5 - -10. Suppose -3 = -3*w + 4*l - 8, z*w - 50 = -5*l. Let n(b) = 0 - 1 + 7*b + 4*b**2 + 8 - w*b**2. What is n(7)?
7
Let l(i) be the second derivative of i**5/20 + 5*i**4/6 - i**3/6 - 13*i**2/2 + i - 43. Determine l(-10).
-3
Let s(j) = -9*j**3 + 11*j**2 - 6*j. Let r(m) = -2*m**3 + m**2 + 1. Let y(k) = -4*r(k) + s(k). Determine y(6).
-4
Let q(h) = h**2 + 2. Let g = 19 + -22. Determine q(g).
11
Let g(z) = 14*z**3 - 15*z**2 - 2*z - 6. Suppose -5*j - 35 = -90. Let k(m) = 5*m**3 - 5*m**2 - m - 2. Let v(n) = j*k(n) - 4*g(n). Determine v(5).
-13
Suppose 4*u + 4 + 12 = 5*g, u = g - 4. Let l(r) = 7*r - 39. Let h be l(6). Let a(k) = -h*k + 0 + k**2 - 1 - 3*k**2 + g. Give a(-2).
-3
Let w(g) = g**2 + 10*g + 9. Suppose 2*x - 9 = x. Suppose 6*c - x = 7*c. Give w(c).
0
Let a(f) be the first derivative of -f**2/2 + 12*f + 865. Determine a(3).
9
Let h(a) be the second derivative of 0 + 2*a**2 + 1/12*a**4 + 3*a + 7/6*a**3. Let w = 337 - 344. Give h(w).
4
Let y(a) = a. Let k(x) = 2*x**3 + 21*x**2 - 14*x - 11. Let d be k(-11). Let r be 1*6/4*(24 - d). Determine y(r).
3
Suppose a - 3*t = 5, -3*t + t = a. Let d(h) be the first derivative of -3*h + 4*h + 4*h**3 - 8 - h + h**a + h. Calculate d(-1).
11
Let s(r) = 35*r + 7. Let d(l) = 44*l + 6. Let t(q) = -4*d(q) + 5*s(q). Calculate t(5).
6
Let l be (-24)/(-18)*(-9)/(-2). Let d(a) = 15*a + a**3 - 11*a + l*a**2 - 4*a. Give d(-6).
0
Let r(z) = -2*z + 4. Suppose 4*g - 87 = -55. Give r(g).
-12
Let h(f) = -f + 3. Let c(v) = v**3 - 7*v**2 - 3*v + 12. Let a be c(6). Let z = a - -38. Determine h(z).
7
Let d(y) = -y**3 - 2*y**2 - 1. Let z = -78 + 50. Let q = -31 - z. Give d(q).
8
Let i(a) = 9*a - 7. Let r(n) = -10*n + 3. Let l(b) = 11*b - 3. Let o(f) = -5*l(f) - 6*r(f). Let v(g) = 6*i(g) - 11*o(g). Let x = -8 + 0. Give v(x).
-1
Suppose -5*l = 0, -f + 3*l - 10 = -12. Let k(b) = -4*b**2 - b + 7*b**3 - 3*b**3 + 3*b. Give k(f).
20
Let x(t) = 7*t - 8. Let f be x(1). Let g(h) = 7*h**3 + 2*h**2 + 2*h + 1. Determine g(f).
-6
Let p be (0 + 6)/(-5 + 7). Let l(v) = -5*v - 4*v**2 - 5 + 11*v - v**p + 0. Suppose -11 = -5*w - 36. Calculate l(w).
-10
Let u(t) be the first derivative of -t**4/4 + 4*t**3/3 + t**2/2 - 2*t + 77. Calculate u(4).
2
Suppose 2*d = 5*o + 26, 2*o - 5*o = 4*d. Let w be 4*(-5)/20*-3. Let f(q) = 5*q**3 + q**3 + 0*q**w + 5*q**2 + 3*q - 5*q**3. Give f(o).
4
Let h(n) = -n. Let b(m) = -10*m**2 + 2*m - 1. Let c(r) = -r**3 - 14*r**2 - r - 18. Let o be c(-14). Let s(l) = o*h(l) - b(l). Let d = 3 + -4. Give s(d).
9
Let r(x) = 7*x - 23. Let a(u) = 10*u - 34. Let i(p) = 5*a(p) - 7*r(p). Let s(y) = -8 + 6 + 5 - 2. Let c(f) = i(f) + 4*s(f). Determine c(0).
-5
Let b(j) = j**3 + 4*j**2 - 6*j + 3. Let a(p) = p**3 - 25*p**2 + 28*p - 101. Let o be a(24). Give b(o).
8
Let i = -13 - -13. Suppose i = -4*y + 10 + 10. Suppose y*u - 14 = 11, -10 = o - 3*u. Let w(j) = -j**3 + 4*j**2 + 4*j + 7. Give w(o).
2
Let k(s) = 3*s**2 + 13*s - 4. Let b(i) = 2*i**2 + 12*i - 5. Let j(y) = 4*b(y) - 3*k(y). Let a(p) = 6*p - 28. Let r be a(6). Give j(r).
0
Let b(p) be the third derivative of p**4/8 + 17*p**3/6 + 145*p**2. Determine b(-6).
-1
Suppose -3*b = 4*f - 1, -9*f - 15 = -3*b - 6*f. Let p(z) = -z**3 + 2*z**2 + 4*z + 3. What is p(b)?
6
Suppose 6*x - x = 10. Let p(n) = -5*n**3 + 17*n**2 - 22*n + 17. Let h(c) = 2*c**3 - 7*c**2 + 9*c - 7. Let r(m) = 12*h(m) + 5*p(m). Give r(x).
-7
Let x(l) = -l - 2. Let r(c) = -c**2 - 4*c + 12. Let j(b) = -r(b) - 2*x(b). What is j(-7)?
-1
Suppose 2*u - 283 = -3*s, 5*u + 277 = 3*s + 8. Let r(x) = 47 - x - s + 43. Determine r(-6).
3
Let u(d) = -d - 32 + 2 + 9 - d. Give u(-14).
7
Let c(f) = -3*f + 6. Suppose 0 = -4*h + 5*z + 59, 4*h = 4*z - 5*z + 65. Suppose -w + 5*a = -4*w + 28, -3*w + a = -h. What is c(w)?
-12
Let c(s) = -2*s - 4. Let z be (5/(-3) - -1)/((-6)/9). Let k = z - -6. Calculate c(k).
-18
Let w(n) = n + 3. Let c(d) = 2*d + 3. Let r(u) = -4*c(u) + 5*w(u). Give r(-2).
9
Suppose -s - y = -2, 0 = y + 3*y. Suppose -s*g + 4 = 2*w, -4*g + 8 = -3*w - 0*g. Let u(n) = -n - 1. Determine u(w).
-1
Suppose -3*s - 2*i + 10 = 0, -2*i + 6*i = 5*s + 20. Let l(b) be the third derivative of s*b + 7/2*b**3 + 0 + 1/24*b**4 - 12*b**2. Give l(0).
21
Let p(n) = 3*n. Let y be p(8). Let g = -26 + y. Let a(h) = h + 1. Let m(b) = -b + 1. Let k(f) = 2*a(f) - m(f). Calculate k(g).
-5
Let h(w) = 4*w**2 - 2*w - 6. Let p(b) = b**2 - 2*b. Let s(a) = -h(a) + 5*p(a). Let k be 60/9 + (-2)/3. What is s(k)?
-6
Let b(x) be the third derivative of x**6/120 - x**4/12 + x**3/3 - 9*x**2. Suppose -9 = 5*t + 1. Let s be 1*t*(-2 - -1). What is b(s)?
6
Let h(g) = -g**3 - 17*g**2 - 3*g + 28*g**2 - 17*g**2 + 4. Calculate h(-5).
-6
Let c(q) = 3*q**2 - 10*q + 11 - 4*q**2 - 8 + 15. What is c(-11)?
7
Suppose -k + 3 = -2*i, -3*k + 16 = 1. Suppose z - 3*z = -2. Let r(s) = -z + s +